e the prime factors of 969505469?
969505469
List the prime factors of 2089753090.
2, 5, 23, 31, 293093
What are the prime factors of 408959257?
7, 149, 392099
List the prime factors of 99937741.
29, 1297, 2657
List the prime factors of 126944122.
2, 257, 491, 503
List the prime factors of 1580182732.
2, 395045683
What are the prime factors of 3363121506?
2, 3, 191, 1013, 2897
What are the prime factors of 87730007?
87730007
List the prime factors of 649783817.
649783817
What are the prime factors of 930930871?
13, 41, 1746587
What are the prime factors of 1396729371?
3, 465576457
What are the prime factors of 815364044?
2, 11, 1213, 15277
What are the prime factors of 138258161?
17, 47, 173039
List the prime factors of 1431879047.
61, 389, 60343
List the prime factors of 51236687.
51236687
What are the prime factors of 77235644?
2, 19308911
List the prime factors of 36195322.
2, 139, 130199
List the prime factors of 112903510.
2, 5, 19, 461, 1289
What are the prime factors of 277879199?
13, 19, 1125017
List the prime factors of 328770188.
2, 23, 1609, 2221
List the prime factors of 312256758.
2, 3, 11, 4731163
What are the prime factors of 2698474740?
2, 3, 5, 13, 59, 191, 307
What are the prime factors of 242737100?
2, 5, 2427371
What are the prime factors of 6044495?
5, 181, 6679
List the prime factors of 1019242824.
2, 3, 113, 263, 1429
List the prime factors of 281493765.
3, 5, 7, 139, 2143
What are the prime factors of 1809406231?
32353, 55927
What are the prime factors of 2713603?
2713603
What are the prime factors of 103454076?
2, 3, 11, 783743
What are the prime factors of 60934156?
2, 1171, 13009
List the prime factors of 540332399.
23, 41, 572993
What are the prime factors of 97016068?
2, 1291, 18787
What are the prime factors of 2589155664?
2, 3, 53940743
What are the prime factors of 517836892?
2, 129459223
What are the prime factors of 1604080619?
1604080619
List the prime factors of 271463685.
3, 5, 18097579
List the prime factors of 107922604.
2, 43, 389, 1613
List the prime factors of 457715172.
2, 3, 179, 409, 521
List the prime factors of 46276982.
2, 29, 83, 9613
List the prime factors of 1598403226.
2, 7, 193, 84509
What are the prime factors of 138596518?
2, 7499, 9241
What are the prime factors of 498883468?
2, 59, 2113913
What are the prime factors of 518385905?
5, 139, 313, 2383
What are the prime factors of 27397645?
5, 11, 31, 16069
What are the prime factors of 1225027216?
2, 7, 709, 15427
List the prime factors of 887979161.
337, 2634953
What are the prime factors of 191891347?
29, 347, 19069
List the prime factors of 976705934.
2, 821, 594827
What are the prime factors of 284213558?
2, 41, 3466019
List the prime factors of 13119377.
107, 122611
What are the prime factors of 1376344721?
1376344721
What are the prime factors of 1261598739?
3, 191, 2201743
What are the prime factors of 56536548?
2, 3, 4711379
What are the prime factors of 3388338991?
3388338991
What are the prime factors of 878161145?
5, 37, 4746817
List the prime factors of 70279356.
2, 3, 7, 31, 137, 197
What are the prime factors of 1769783268?
2, 3, 11, 1218859
List the prime factors of 518657834.
2, 211, 383, 3209
List the prime factors of 180658817.
180658817
What are the prime factors of 52822049?
7, 1078001
List the prime factors of 2395765621.
7517, 318713
List the prime factors of 68451157.
68451157
What are the prime factors of 676137320?
2, 5, 29, 103, 5659
What are the prime factors of 297512920?
2, 5, 17, 437519
List the prime factors of 190905169.
7, 13, 2097859
What are the prime factors of 658043181?
3, 73115909
List the prime factors of 174587051.
174587051
List the prime factors of 23279128.
2, 23, 126517
What are the prime factors of 3059995291?
17, 29, 233, 1567
List the prime factors of 4768738536.
2, 3, 41, 4846279
List the prime factors of 2597431703.
22877, 113539
What are the prime factors of 3504572815?
5, 700914563
What are the prime factors of 391717706?
2, 17, 1259, 9151
List the prime factors of 776453637.
3, 131, 1975709
What are the prime factors of 45491701?
103, 441667
What are the prime factors of 47274091?
47274091
List the prime factors of 868279004.
2, 131, 1657021
List the prime factors of 89735160.
2, 3, 5, 491, 1523
List the prime factors of 2327791539.
3, 1259, 616307
What are the prime factors of 482142466?
2, 13, 1426457
What are the prime factors of 52133997?
3, 17377999
List the prime factors of 63778981.
7, 53, 353, 487
What are the prime factors of 2490967486?
2, 7, 79, 2252231
List the prime factors of 2320707592.
2, 7, 43, 107, 9007
List the prime factors of 574120922.
2, 287060461
List the prime factors of 5805244218.
2, 3, 17, 61, 933019
What are the prime factors of 170536518?
2, 3, 31, 305621
List the prime factors of 134827696.
2, 8426731
List the prime factors of 676184.
2, 84523
List the prime factors of 506139917.
19, 3541, 7523
What are the prime factors of 31041913?
7, 431, 10289
What are the prime factors of 61610949?
3, 253543
What are the prime factors of 1596242436?
2, 3, 971, 136993
List the prime factors of 331026930.
2, 3, 5, 13, 19, 14891
What are the prime factors of 343498046?
2, 171749023
What are the prime factors of 257847724?
2, 3467, 18593
List the prime factors of 1823863105.
5, 17, 19, 66431
List the prime factors of 31394144.
2, 981067
List the prime factors of 15747986.
2, 29, 271517
List the prime factors of 357819604.
2, 17, 5262053
List the prime factors of 36391130.
2, 5, 199, 18287
What are the prime factors of 8843840?
2, 5, 29, 953
List the prime factors of 1115711166.
2, 3, 185951861
What are the prime factors of 3224083844?
2, 806020961
What are the prime factors of 33534406?
2, 47, 356749
What are the prime factors of 328600631?
16421, 20011
What are the prime factors of 373381655?
5, 23, 163, 19919
What are the prime factors of 107933310?
2, 3, 5, 44417
What are the prime factors of 130954201?
7, 1451, 12893
List the prime factors of 318744182.
2, 159372091
What are the prime factors of 274696537?
541, 507757
List the prime factors of 720712592.
2, 45044537
What are the prime factors of 204226694?
2, 7, 43, 339247
List the prime factors of 8047505957.
37, 47, 4627663
What are the prime factors of 85556434?
2, 42778217
List the prime factors of 65087558.
2, 32543779
List the prime factors of 45285875.
5, 17, 101, 211
List the prime factors of 96381080.
2, 5, 71, 33937
List the prime factors of 442362170.
2, 5, 44236217
List the prime factors of 417121162.
2, 208560581
List the prime factors of 47002581.
3, 5222509
What are the prime factors of 196354374?
2, 3, 4441, 7369
List the prime factors of 1327330957.
29, 1578277
What are the prime factors of 68020483?
68020483
What are the prime factors of 56011281?
3, 18670427
List the prime factors of 424524936.
2, 3, 11, 257, 6257
List the prime factors of 744364478.
2, 11, 13, 2602673
What are the prime factors of 764517086?
2, 382258543
What are the prime factors of 32249021?
7, 31, 353, 421
What are the prime factors of 199539728?
2, 12471233
What are the prime factors of 680262?
2, 3, 11, 937
List the prime factors of 268436026.
2, 353, 523, 727
List the prime factors of 47234011.
11, 29, 263, 563
List the prime factors of 65402421.
3, 7, 37, 41, 2053
List the prime factors of 58570650.
2, 3, 5, 23, 5659
What are the prime factors of 2282047465?
5, 23, 19843891
List the prime factors of 2186533092.
2, 3, 127, 743, 1931
List the prime factors of 52221520.
2, 5, 13, 149, 337
List the prime factors of 2004233271.
3, 23, 563, 51593
List the prime factors of 85686094.
2, 13, 467, 7057
What are the prime factors of 3312711413?
11, 23, 181, 72341
List the prime factors of 463230415.
5, 92646083
List the prime factors of 2014647043.
14767, 136429
What are the prime factors of 21590818?
2, 31, 348239
List the prime factors of 37633375.
5, 13, 23159
What are the prime factors of 548959461?
3, 17, 10763911
List the prime factors of 2456731747.
613, 941, 4259
List the prime factors of 52000466.
2, 7, 37, 14341
List the prime factors of 170078896.
2, 13, 31, 2029
What are the prime factors of 2303568?
2, 3, 17, 941
What are the prime factors of 167463068?
2, 47, 890761
List the prime factors of 64340432.
2, 13, 181, 1709
L